{"id":708,"date":"2020-03-26T23:56:09","date_gmt":"2020-03-26T23:56:09","guid":{"rendered":"https:\/\/www.radiomotorola.cl\/tienda\/producto\/hmn4098-telefono-de-estilo-telefonico-impres\/"},"modified":"2026-05-14T13:12:36","modified_gmt":"2026-05-14T17:12:36","slug":"hmn4098-telefono-de-estilo-telefonico-impres","status":"publish","type":"product","link":"https:\/\/www.radiospro.cl\/tienda\/producto\/hmn4098-telefono-de-estilo-telefonico-impres\/","title":{"rendered":"HMN4098 &#8211; Tel\u00e9fono de estilo telef\u00f3nico impres"},"content":{"rendered":"<p>Micr\u00f3fono Compatible con: DGM4100 DGM6100 DGM4100+ DGM5000e DGM5500e DGM8000e DGM8500e<\/p>\n","protected":false},"excerpt":{"rendered":"<p>Micr\u00f3fono Compatible con: DGM4100 DGM6100 DGM4100+ DGM5000e DGM5500e DGM8000e DGM8500e<\/p>\n","protected":false},"featured_media":1254,"comment_status":"open","ping_status":"closed","template":"","meta":[],"product_brand":[],"product_cat":[56],"product_tag":[],"class_list":{"0":"post-708","1":"product","2":"type-product","3":"status-publish","4":"has-post-thumbnail","6":"product_cat-microfonos","8":"first","9":"outofstock","10":"sale","11":"taxable","12":"shipping-taxable","13":"purchasable","14":"product-type-simple"},"_links":{"self":[{"href":"https:\/\/www.radiospro.cl\/tienda\/wp-json\/wp\/v2\/product\/708","targetHints":{"allow":["GET"]}}],"collection":[{"href":"https:\/\/www.radiospro.cl\/tienda\/wp-json\/wp\/v2\/product"}],"about":[{"href":"https:\/\/www.radiospro.cl\/tienda\/wp-json\/wp\/v2\/types\/product"}],"replies":[{"embeddable":true,"href":"https:\/\/www.radiospro.cl\/tienda\/wp-json\/wp\/v2\/comments?post=708"}],"wp:featuredmedia":[{"embeddable":true,"href":"https:\/\/www.radiospro.cl\/tienda\/wp-json\/wp\/v2\/media\/1254"}],"wp:attachment":[{"href":"https:\/\/www.radiospro.cl\/tienda\/wp-json\/wp\/v2\/media?parent=708"}],"wp:term":[{"taxonomy":"product_brand","embeddable":true,"href":"https:\/\/www.radiospro.cl\/tienda\/wp-json\/wp\/v2\/product_brand?post=708"},{"taxonomy":"product_cat","embeddable":true,"href":"https:\/\/www.radiospro.cl\/tienda\/wp-json\/wp\/v2\/product_cat?post=708"},{"taxonomy":"product_tag","embeddable":true,"href":"https:\/\/www.radiospro.cl\/tienda\/wp-json\/wp\/v2\/product_tag?post=708"}],"curies":[{"name":"wp","href":"https:\/\/api.w.org\/{rel}","templated":true}]}}