{"id":514,"date":"2020-03-25T23:08:20","date_gmt":"2020-03-25T23:08:20","guid":{"rendered":"https:\/\/www.radiomotorola.cl\/tienda\/producto\/wadn4190-receptor-flexible-para-microfono-parlante-remoto-35-mm-o-microfono-de-seguridad-publica\/"},"modified":"2026-05-14T13:11:54","modified_gmt":"2026-05-14T17:11:54","slug":"wadn4190-receptor-flexible-para-microfono-parlante-remoto-35-mm-o-microfono-de-seguridad-publica","status":"publish","type":"product","link":"https:\/\/www.radiospro.cl\/tienda\/producto\/wadn4190-receptor-flexible-para-microfono-parlante-remoto-35-mm-o-microfono-de-seguridad-publica\/","title":{"rendered":"WADN4190 &#8211; Receptor flexible para micr\u00f3fono parlante remoto 3,5 mm o micr\u00f3fono de seguridad p\u00fablica"},"content":{"rendered":"<p>Auricular &#8211; Manos Libres Compatible con: DEP550e, DEP570 DGP4100 DGP6100 DG6100+ DGP5050e, DGP5550e DGP8050e, DGP8550e, EP350, EP450, DEP450<\/p>\n","protected":false},"excerpt":{"rendered":"<p>Auricular &#8211; Manos Libres Compatible con: DEP550e, DEP570 DGP4100 DGP6100 DG6100+ DGP5050e, DGP5550e DGP8050e, DGP8550e, EP350, EP450, DEP450<\/p>\n","protected":false},"featured_media":1106,"comment_status":"open","ping_status":"closed","template":"","meta":[],"product_brand":[],"product_cat":[73],"product_tag":[],"class_list":{"0":"post-514","1":"product","2":"type-product","3":"status-publish","4":"has-post-thumbnail","6":"product_cat-audifonos","8":"first","9":"outofstock","10":"sale","11":"taxable","12":"shipping-taxable","13":"purchasable","14":"product-type-simple"},"_links":{"self":[{"href":"https:\/\/www.radiospro.cl\/tienda\/wp-json\/wp\/v2\/product\/514","targetHints":{"allow":["GET"]}}],"collection":[{"href":"https:\/\/www.radiospro.cl\/tienda\/wp-json\/wp\/v2\/product"}],"about":[{"href":"https:\/\/www.radiospro.cl\/tienda\/wp-json\/wp\/v2\/types\/product"}],"replies":[{"embeddable":true,"href":"https:\/\/www.radiospro.cl\/tienda\/wp-json\/wp\/v2\/comments?post=514"}],"wp:featuredmedia":[{"embeddable":true,"href":"https:\/\/www.radiospro.cl\/tienda\/wp-json\/wp\/v2\/media\/1106"}],"wp:attachment":[{"href":"https:\/\/www.radiospro.cl\/tienda\/wp-json\/wp\/v2\/media?parent=514"}],"wp:term":[{"taxonomy":"product_brand","embeddable":true,"href":"https:\/\/www.radiospro.cl\/tienda\/wp-json\/wp\/v2\/product_brand?post=514"},{"taxonomy":"product_cat","embeddable":true,"href":"https:\/\/www.radiospro.cl\/tienda\/wp-json\/wp\/v2\/product_cat?post=514"},{"taxonomy":"product_tag","embeddable":true,"href":"https:\/\/www.radiospro.cl\/tienda\/wp-json\/wp\/v2\/product_tag?post=514"}],"curies":[{"name":"wp","href":"https:\/\/api.w.org\/{rel}","templated":true}]}}