{"id":4806,"date":"2025-11-07T16:42:34","date_gmt":"2025-11-07T20:42:34","guid":{"rendered":"https:\/\/www.radiospro.cl\/tienda\/?post_type=product&#038;p=4806"},"modified":"2025-11-07T17:27:25","modified_gmt":"2025-11-07T21:27:25","slug":"xtl-1500","status":"publish","type":"product","link":"https:\/\/www.radiospro.cl\/tienda\/producto\/xtl-1500\/","title":{"rendered":"Radio Motorola XTL 1500"},"content":{"rendered":"","protected":false},"excerpt":{"rendered":"<div class=\"elementor-element elementor-element-34895c6 elementor-widget elementor-widget-shortcode\" data-id=\"34895c6\" data-element_type=\"widget\" data-widget_type=\"shortcode.default\">\n<div class=\"elementor-widget-container\">\n<div class=\"elementor-shortcode\">\n<p>La radio m\u00f3vil digital Motorola XTL 1500 es compatible con APCO Project 25. Cuando desea alto rendimiento, calidad y confiabilidad en sus comunicaciones diarias, la radio m\u00f3vil digital XTL 1500 es la radio preferida.<\/p>\n<p id=\"tw-target-text\" class=\"tw-data-text tw-text-large tw-ta\" dir=\"ltr\" data-placeholder=\"Traducci\u00f3n\"><em><span class=\"Y2IQFc\" lang=\"es\">\u00a0La radio m\u00f3vil digital XTL 1500 est\u00e1 dise\u00f1ada espec\u00edficamente para satisfacer las necesidades de su organizaci\u00f3n. Cuando desea alto rendimiento, calidad y confiabilidad en sus comunicaciones diarias, la radio m\u00f3vil digital XTL 1500 es la radio preferida.<\/span><\/em><\/p>\n<p><b>Tecnolog\u00eda:<\/b> Analogo<\/p>\n<p><b>Banda:<\/b> 700-800 MHz<\/p>\n<p><b>Canales:<\/b>\u00a0512<\/p>\n<p><b>Potencia:<\/b>\u00a010-30 W<\/p>\n<\/div>\n<\/div>\n<\/div>\n<div class=\"elementor-element elementor-element-6112c2a elementor-widget elementor-widget-woocommerce-product-content\" data-id=\"6112c2a\" data-element_type=\"widget\" data-widget_type=\"woocommerce-product-content.default\">\n<div class=\"elementor-widget-container\">\n<p>Radio M\u00f3vil Motorola XTL 1500 800 MHz P25, 512 Canales y Potencia 10-30 W.<\/p>\n<\/div>\n<\/div>\n<h2>Utilizado en las siguientes Faenas Mineras:<\/h2>\n<ul>\n<li>Codelco \u2013 Teniente<\/li>\n<li>Codelco \u2013 Los Andes<\/li>\n<li>Codelco \u2013 Ministro Hales<\/li>\n<li>Codelco \u2013 Radomiro Tomic<\/li>\n<li>Codelco \u2013 Chuquicamata Mina<\/li>\n<li>Codelco \u2013 Chuquicamata Subterraneo<\/li>\n<li>Codelco \u2013 Gabriela Mistral<\/li>\n<li>BHP \u2013 Spence<\/li>\n<li>BHP \u2013 Escondida<\/li>\n<li>Collahuasi<\/li>\n<li>Minera Los Pelambres<\/li>\n<\/ul>\n<p>&nbsp;<\/p>\n","protected":false},"featured_media":4807,"comment_status":"open","ping_status":"closed","template":"","meta":[],"product_brand":[],"product_cat":[27],"product_tag":[],"class_list":{"0":"post-4806","1":"product","2":"type-product","3":"status-publish","4":"has-post-thumbnail","6":"product_cat-moviles","8":"first","9":"outofstock","10":"taxable","11":"shipping-taxable","12":"product-type-simple"},"_links":{"self":[{"href":"https:\/\/www.radiospro.cl\/tienda\/wp-json\/wp\/v2\/product\/4806","targetHints":{"allow":["GET"]}}],"collection":[{"href":"https:\/\/www.radiospro.cl\/tienda\/wp-json\/wp\/v2\/product"}],"about":[{"href":"https:\/\/www.radiospro.cl\/tienda\/wp-json\/wp\/v2\/types\/product"}],"replies":[{"embeddable":true,"href":"https:\/\/www.radiospro.cl\/tienda\/wp-json\/wp\/v2\/comments?post=4806"}],"wp:featuredmedia":[{"embeddable":true,"href":"https:\/\/www.radiospro.cl\/tienda\/wp-json\/wp\/v2\/media\/4807"}],"wp:attachment":[{"href":"https:\/\/www.radiospro.cl\/tienda\/wp-json\/wp\/v2\/media?parent=4806"}],"wp:term":[{"taxonomy":"product_brand","embeddable":true,"href":"https:\/\/www.radiospro.cl\/tienda\/wp-json\/wp\/v2\/product_brand?post=4806"},{"taxonomy":"product_cat","embeddable":true,"href":"https:\/\/www.radiospro.cl\/tienda\/wp-json\/wp\/v2\/product_cat?post=4806"},{"taxonomy":"product_tag","embeddable":true,"href":"https:\/\/www.radiospro.cl\/tienda\/wp-json\/wp\/v2\/product_tag?post=4806"}],"curies":[{"name":"wp","href":"https:\/\/api.w.org\/{rel}","templated":true}]}}

<div class="elementor-element elementor-element-34895c6 elementor-widget elementor-widget-shortcode" data-id="34895c6" data-element_type="widget" data-widget_type="shortcode.default">
<div class="elementor-widget-container">
<div class="elementor-shortcode">
<p>La radio móvil digital Motorola XTL 1500 es compatible con APCO Project 25. Cuando desea alto rendimiento, calidad y confiabilidad en sus comunicaciones diarias, la radio móvil digital XTL 1500 es la radio preferida.</p>
<p id="tw-target-text" class="tw-data-text tw-text-large tw-ta" dir="ltr" data-placeholder="Traducción"><em><span class="Y2IQFc" lang="es"> La radio móvil digital XTL 1500 está diseñada específicamente para satisfacer las necesidades de su organización. Cuando desea alto rendimiento, calidad y confiabilidad en sus comunicaciones diarias, la radio móvil digital XTL 1500 es la radio preferida.</span></em></p>
<p><b>Tecnología:</b> Analogo</p>
<p><b>Banda:</b> 700-800 MHz</p>
<p><b>Canales:</b> 512</p>
<p><b>Potencia:</b> 10-30 W</p>
</div>
</div>
</div>
<div class="elementor-element elementor-element-6112c2a elementor-widget elementor-widget-woocommerce-product-content" data-id="6112c2a" data-element_type="widget" data-widget_type="woocommerce-product-content.default">
<div class="elementor-widget-container">
<p>Radio Móvil Motorola XTL 1500 800 MHz P25, 512 Canales y Potencia 10-30 W.</p>
</div>
</div>
<h2>Utilizado en las siguientes Faenas Mineras:</h2>
<ul>
<li>Codelco – Teniente</li>
<li>Codelco – Los Andes</li>
<li>Codelco – Ministro Hales</li>
<li>Codelco – Radomiro Tomic</li>
<li>Codelco – Chuquicamata Mina</li>
<li>Codelco – Chuquicamata Subterraneo</li>
<li>Codelco – Gabriela Mistral</li>
<li>BHP – Spence</li>
<li>BHP – Escondida</li>
<li>Collahuasi</li>
<li>Minera Los Pelambres</li>
</ul>
<p>&nbsp;</p>
