{"id":4799,"date":"2025-11-07T15:46:10","date_gmt":"2025-11-07T19:46:10","guid":{"rendered":"https:\/\/www.radiospro.cl\/tienda\/?post_type=product&#038;p=4799"},"modified":"2025-11-07T17:03:43","modified_gmt":"2025-11-07T21:03:43","slug":"xts-1500","status":"publish","type":"product","link":"https:\/\/www.radiospro.cl\/tienda\/producto\/xts-1500\/","title":{"rendered":"Radio Motorola XTS 1500"},"content":{"rendered":"<p style=\"font-weight: 400;\">El radio port\u00e1til XTS 1500 de Motorola es la soluci\u00f3n econ\u00f3mica, compacta y pr\u00e1ctica para los servicios p\u00fablicos ofreciendo total simplicidad y confiabilidad de uso. Est\u00e1 disponible en frecuencia de 896 a 940 MHz (2.5 W). Cumple con las normas militares 810 C, D, E y F. Utiliza software de programaci\u00f3n de cliente y es compatible con USB y RS-232. Admite funciones mejoradas de audio: control de volumen, software de reducci\u00f3n de ruido, funci\u00f3n Hear Clear y control de ganancia de audio. Dispone de 3 botones laterales programables y un bot\u00f3n para emergencias. Un conector universal sellado contra inclemencias del tiempo y sonido de alerta de bater\u00eda baja permiten trabajar con tranquilidad.<\/p>\n","protected":false},"excerpt":{"rendered":"<p>El radio port\u00e1til XTS 1500 Motorola cumple con los est\u00e1ndares de los Proyectos 16 y 25 y se encuentra disponible en bandas VHF, UHF R1 y UHF R2 de 700\/800 MHz.<\/p>\n<p>&nbsp;<\/p>\n<p><strong>Se\u00f1al de voz interoperable<\/strong><br \/>\nCumple con los est\u00e1ndares de APCO P16 y P25.<\/p>\n<p><strong>Dise\u00f1o resistente<\/strong><br \/>\nCumple con los est\u00e1ndares militares 810 C, 810 D y 810 E, en cuanto a resistencia a golpes y a condiciones meteorol\u00f3gicas extremas.<\/p>\n<p><strong>Software de programaci\u00f3n cliente<\/strong><br \/>\nAdmite funcionalidades USB y RS-232.<\/p>\n<p><strong>Audio mejorado<\/strong><br \/>\nProporciona una se\u00f1al clara a trav\u00e9s de un software de reducci\u00f3n de ruidos y control de ampliaci\u00f3n de audio.<\/p>\n<p><strong>Compatibilidad con otros modelos de dos v\u00edas<\/strong><br \/>\nUsa los mismos accesorios que algunas unidades XTS, HT, MT o MTS.<\/p>\n<p><b>Pantalla de mapa de bits opcional<\/b><br \/>\nEl modelo I.5 viene con una pantalla para iconos y texto.<\/p>\n<h2>Utilizado en las siguientes Faenas Mineras:<\/h2>\n<ul>\n<li>Codelco \u2013 Teniente<\/li>\n<li>Codelco \u2013 Los Andes<\/li>\n<li>Codelco \u2013 Ministro Hales<\/li>\n<li>Codelco \u2013 Radomiro Tomic<\/li>\n<li>Codelco \u2013 Chuquicamata Mina<\/li>\n<li>Codelco \u2013 Chuquicamata Subterraneo<\/li>\n<li>Codelco \u2013 Gabriela Mistral<\/li>\n<li>BHP \u2013 Spence<\/li>\n<li>BHP \u2013 Escondida<\/li>\n<li>Collahuasi<\/li>\n<li>Minera Los Pelambres<\/li>\n<\/ul>\n<p>&nbsp;<\/p>\n","protected":false},"featured_media":4800,"comment_status":"open","ping_status":"closed","template":"","meta":[],"product_brand":[],"product_cat":[16],"product_tag":[],"class_list":{"0":"post-4799","1":"product","2":"type-product","3":"status-publish","4":"has-post-thumbnail","6":"product_cat-portatiles","8":"first","9":"outofstock","10":"taxable","11":"shipping-taxable","12":"product-type-simple"},"_links":{"self":[{"href":"https:\/\/www.radiospro.cl\/tienda\/wp-json\/wp\/v2\/product\/4799","targetHints":{"allow":["GET"]}}],"collection":[{"href":"https:\/\/www.radiospro.cl\/tienda\/wp-json\/wp\/v2\/product"}],"about":[{"href":"https:\/\/www.radiospro.cl\/tienda\/wp-json\/wp\/v2\/types\/product"}],"replies":[{"embeddable":true,"href":"https:\/\/www.radiospro.cl\/tienda\/wp-json\/wp\/v2\/comments?post=4799"}],"wp:featuredmedia":[{"embeddable":true,"href":"https:\/\/www.radiospro.cl\/tienda\/wp-json\/wp\/v2\/media\/4800"}],"wp:attachment":[{"href":"https:\/\/www.radiospro.cl\/tienda\/wp-json\/wp\/v2\/media?parent=4799"}],"wp:term":[{"taxonomy":"product_brand","embeddable":true,"href":"https:\/\/www.radiospro.cl\/tienda\/wp-json\/wp\/v2\/product_brand?post=4799"},{"taxonomy":"product_cat","embeddable":true,"href":"https:\/\/www.radiospro.cl\/tienda\/wp-json\/wp\/v2\/product_cat?post=4799"},{"taxonomy":"product_tag","embeddable":true,"href":"https:\/\/www.radiospro.cl\/tienda\/wp-json\/wp\/v2\/product_tag?post=4799"}],"curies":[{"name":"wp","href":"https:\/\/api.w.org\/{rel}","templated":true}]}}

<p style="font-weight: 400;">El radio portátil XTS 1500 de Motorola es la solución económica, compacta y práctica para los servicios públicos ofreciendo total simplicidad y confiabilidad de uso. Está disponible en frecuencia de 896 a 940 MHz (2.5 W). Cumple con las normas militares 810 C, D, E y F. Utiliza software de programación de cliente y es compatible con USB y RS-232. Admite funciones mejoradas de audio: control de volumen, software de reducción de ruido, función Hear Clear y control de ganancia de audio. Dispone de 3 botones laterales programables y un botón para emergencias. Un conector universal sellado contra inclemencias del tiempo y sonido de alerta de batería baja permiten trabajar con tranquilidad.</p>

<p>El radio portátil XTS 1500 Motorola cumple con los estándares de los Proyectos 16 y 25 y se encuentra disponible en bandas VHF, UHF R1 y UHF R2 de 700/800 MHz.</p>
<p>&nbsp;</p>
<p><strong>Señal de voz interoperable</strong><br />
Cumple con los estándares de APCO P16 y P25.</p>
<p><strong>Diseño resistente</strong><br />
Cumple con los estándares militares 810 C, 810 D y 810 E, en cuanto a resistencia a golpes y a condiciones meteorológicas extremas.</p>
<p><strong>Software de programación cliente</strong><br />
Admite funcionalidades USB y RS-232.</p>
<p><strong>Audio mejorado</strong><br />
Proporciona una señal clara a través de un software de reducción de ruidos y control de ampliación de audio.</p>
<p><strong>Compatibilidad con otros modelos de dos vías</strong><br />
Usa los mismos accesorios que algunas unidades XTS, HT, MT o MTS.</p>
<p><b>Pantalla de mapa de bits opcional</b><br />
El modelo I.5 viene con una pantalla para iconos y texto.</p>
<h2>Utilizado en las siguientes Faenas Mineras:</h2>
<ul>
<li>Codelco – Teniente</li>
<li>Codelco – Los Andes</li>
<li>Codelco – Ministro Hales</li>
<li>Codelco – Radomiro Tomic</li>
<li>Codelco – Chuquicamata Mina</li>
<li>Codelco – Chuquicamata Subterraneo</li>
<li>Codelco – Gabriela Mistral</li>
<li>BHP – Spence</li>
<li>BHP – Escondida</li>
<li>Collahuasi</li>
<li>Minera Los Pelambres</li>
</ul>
<p>&nbsp;</p>
