{"id":4797,"date":"2025-11-07T15:13:03","date_gmt":"2025-11-07T19:13:03","guid":{"rendered":"https:\/\/www.radiospro.cl\/tienda\/?post_type=product&#038;p=4797"},"modified":"2025-11-07T17:04:04","modified_gmt":"2025-11-07T21:04:04","slug":"apx-1000","status":"publish","type":"product","link":"https:\/\/www.radiospro.cl\/tienda\/producto\/apx-1000\/","title":{"rendered":"Radio Motorola APX 1000 P25"},"content":{"rendered":"<p style=\"font-weight: 400;\">Mientras se dirige a toda velocidad en respuesta a un corte en el servicio de energ\u00eda el\u00e9ctrica o a supervisar una construcci\u00f3n de autopista, debe contar con un radio que lo mantenga conectado al instante y sin interrupci\u00f3n, independientemente de la situaci\u00f3n, del ruido de fondo, de las condiciones sea o\u00edda y el mensaje se entienda, especialmente en los momentos que m\u00e1s importan.<\/p>\n<p style=\"font-weight: 400;\">Los usuarios de seguridad p\u00fablica, servicios p\u00fablicos y servicios de gobierno necesitan un radio P25 que pueda hacerle frente a las tareas m\u00e1s arduas, a la vez que los mantiene conectados con los organismos aleda\u00f1os. El APX 1000 est\u00e1 dise\u00f1ado para ofrecerle las funciones que necesita y que se excelente calidad de audio en un radio port\u00e1til compacto compatible con TDMA P25.<\/p>\n","protected":false},"excerpt":{"rendered":"<p><em>El APX\u00a01000 ofrece una apariencia integral a la familia APX de radios P25 TDMA. Con su micr\u00f3fono dual dise\u00f1ado para reducir el ruido de fondo y la provisi\u00f3n de una cobertura RF excelente en los entornos m\u00e1s complejos, el APX\u00a01000 fue creado para ofrecerle el radio P25 Fase 2 m\u00e1s peque\u00f1o del mercado actual. <\/em><\/p>\n<h2>Caracter\u00edsticas Radio portatil motorola APX 1000:<\/h2>\n<ul>\n<li>Disponible en las bandas de 800 MHz, VHF, UHF<\/li>\n<li>Admite: APCO P25 Convencional; APCO P25 Fase 1 FDMA Troncalizaci\u00f3n; APCO P25 Fase 2 TDMA Troncalizaci\u00f3n.<\/li>\n<li>Receptor digital de banda ancha y banda angosta (equivale a 6.25 kHz\/12.5 kHz\/20 kHz\/25 kHz)<\/li>\n<li>Baliza con iluminaci\u00f3n inteligente<\/li>\n<li>Perfiles de radio<\/li>\n<li>Lista de llamadas unificadas<\/li>\n<li>Anuncio de voz programable por usuario<\/li>\n<li>Datos por paquetes de radio<\/li>\n<li>Localizaci\u00f3n basada en GPS<\/li>\n<\/ul>\n<h2><\/h2>\n<h2>Utilizado en las siguientes Faenas Mineras:<\/h2>\n<ul>\n<li>Codelco \u2013 Teniente<\/li>\n<li>Codelco \u2013 Los Andes<\/li>\n<li>Codelco \u2013 Ministro Hales<\/li>\n<li>Codelco \u2013 Radomiro Tomic<\/li>\n<li>Codelco \u2013 Chuquicamata Mina<\/li>\n<li>Codelco \u2013 Chuquicamata Subterraneo<\/li>\n<li>Codelco \u2013 Gabriela Mistral<\/li>\n<li>BHP \u2013 Spence<\/li>\n<li>BHP \u2013 Escondida<\/li>\n<li>Collahuasi<\/li>\n<li>Minera Los Pelambres<\/li>\n<\/ul>\n<p>&nbsp;<\/p>\n","protected":false},"featured_media":4798,"comment_status":"open","ping_status":"closed","template":"","meta":[],"product_brand":[],"product_cat":[16],"product_tag":[],"class_list":{"0":"post-4797","1":"product","2":"type-product","3":"status-publish","4":"has-post-thumbnail","6":"product_cat-portatiles","8":"first","9":"outofstock","10":"taxable","11":"shipping-taxable","12":"product-type-simple"},"_links":{"self":[{"href":"https:\/\/www.radiospro.cl\/tienda\/wp-json\/wp\/v2\/product\/4797","targetHints":{"allow":["GET"]}}],"collection":[{"href":"https:\/\/www.radiospro.cl\/tienda\/wp-json\/wp\/v2\/product"}],"about":[{"href":"https:\/\/www.radiospro.cl\/tienda\/wp-json\/wp\/v2\/types\/product"}],"replies":[{"embeddable":true,"href":"https:\/\/www.radiospro.cl\/tienda\/wp-json\/wp\/v2\/comments?post=4797"}],"wp:featuredmedia":[{"embeddable":true,"href":"https:\/\/www.radiospro.cl\/tienda\/wp-json\/wp\/v2\/media\/4798"}],"wp:attachment":[{"href":"https:\/\/www.radiospro.cl\/tienda\/wp-json\/wp\/v2\/media?parent=4797"}],"wp:term":[{"taxonomy":"product_brand","embeddable":true,"href":"https:\/\/www.radiospro.cl\/tienda\/wp-json\/wp\/v2\/product_brand?post=4797"},{"taxonomy":"product_cat","embeddable":true,"href":"https:\/\/www.radiospro.cl\/tienda\/wp-json\/wp\/v2\/product_cat?post=4797"},{"taxonomy":"product_tag","embeddable":true,"href":"https:\/\/www.radiospro.cl\/tienda\/wp-json\/wp\/v2\/product_tag?post=4797"}],"curies":[{"name":"wp","href":"https:\/\/api.w.org\/{rel}","templated":true}]}}

<p style="font-weight: 400;">Mientras se dirige a toda velocidad en respuesta a un corte en el servicio de energía eléctrica o a supervisar una construcción de autopista, debe contar con un radio que lo mantenga conectado al instante y sin interrupción, independientemente de la situación, del ruido de fondo, de las condiciones sea oída y el mensaje se entienda, especialmente en los momentos que más importan.</p>
<p style="font-weight: 400;">Los usuarios de seguridad pública, servicios públicos y servicios de gobierno necesitan un radio P25 que pueda hacerle frente a las tareas más arduas, a la vez que los mantiene conectados con los organismos aledaños. El APX 1000 está diseñado para ofrecerle las funciones que necesita y que se excelente calidad de audio en un radio portátil compacto compatible con TDMA P25.</p>

<p><em>El APX 1000 ofrece una apariencia integral a la familia APX de radios P25 TDMA. Con su micrófono dual diseñado para reducir el ruido de fondo y la provisión de una cobertura RF excelente en los entornos más complejos, el APX 1000 fue creado para ofrecerle el radio P25 Fase 2 más pequeño del mercado actual. </em></p>
<h2>Características Radio portatil motorola APX 1000:</h2>
<ul>
<li>Disponible en las bandas de 800 MHz, VHF, UHF</li>
<li>Admite: APCO P25 Convencional; APCO P25 Fase 1 FDMA Troncalización; APCO P25 Fase 2 TDMA Troncalización.</li>
<li>Receptor digital de banda ancha y banda angosta (equivale a 6.25 kHz/12.5 kHz/20 kHz/25 kHz)</li>
<li>Baliza con iluminación inteligente</li>
<li>Perfiles de radio</li>
<li>Lista de llamadas unificadas</li>
<li>Anuncio de voz programable por usuario</li>
<li>Datos por paquetes de radio</li>
<li>Localización basada en GPS</li>
</ul>
<h2></h2>
<h2>Utilizado en las siguientes Faenas Mineras:</h2>
<ul>
<li>Codelco – Teniente</li>
<li>Codelco – Los Andes</li>
<li>Codelco – Ministro Hales</li>
<li>Codelco – Radomiro Tomic</li>
<li>Codelco – Chuquicamata Mina</li>
<li>Codelco – Chuquicamata Subterraneo</li>
<li>Codelco – Gabriela Mistral</li>
<li>BHP – Spence</li>
<li>BHP – Escondida</li>
<li>Collahuasi</li>
<li>Minera Los Pelambres</li>
</ul>
<p>&nbsp;</p>
