{"id":116,"date":"2020-03-21T18:12:02","date_gmt":"2020-03-21T18:12:02","guid":{"rendered":"https:\/\/www.radiomotorola.cl\/tienda\/?post_type=product&#038;p=116"},"modified":"2026-03-06T09:57:59","modified_gmt":"2026-03-06T13:57:59","slug":"dgm5000e","status":"publish","type":"product","link":"https:\/\/www.radiospro.cl\/tienda\/producto\/dgm5000e\/","title":{"rendered":"DGM5000e"},"content":{"rendered":"<p>La <strong>Radio Motorola DGM5000e<\/strong> ha sido dise\u00f1ada para el profesional calificado que se niega a hacer concesiones. Con voz y datos de alto desempe\u00f1o integrados y funciones avanzadas para un funcionamiento eficiente, estos radios de pr\u00f3xima generaci\u00f3n ofrecen niveles m\u00e1ximos de conectividad para su organizaci\u00f3n.<\/p>\n<p><strong>AUDIO DE LA MEJOR CALIDAD<\/strong><\/p>\n<p>El potente altavoz frontal y la funci\u00f3n de audio inteligente ajusta autom\u00e1ticamente el volumen de la radio seg\u00fan el nivel de ruido del ambiente.<\/p>\n<p><strong>PANTALLA DE GRAN TAMA\u00d1O A TODO COLOR<\/strong><\/p>\n<p>Pantalla ampliada de 5 l\u00edneas que incluye una interfaz flexible orientada a men\u00fas.<\/p>\n<p><strong>FUNCI\u00d3N PERSONALIZABLE DE ANUNCIOS DE VOZ<\/strong><\/p>\n<p>Esta funci\u00f3n anuncia verbalmente cualquier cambio de zona o canal, as\u00ed como tambi\u00e9n las funciones del bot\u00f3n programable<\/p>\n<h3><strong>Caracter\u00edsticas t\u00e9cnicas Radio Motorola DGM5000e<\/strong><\/h3>\n<p><strong>Conectividad<\/strong><br \/>\nLa Radio m\u00f3vil <strong>DGM5000<\/strong>\u00a0es una familia de radios digitales de est\u00e1ndar DMR que ofrece comunicaciones de voz y datos de operaci\u00f3n cr\u00edtica. La funcionalidad de audio Bluetooth\u00ae le permite hablar sin cables, la funci\u00f3n Wi-Fi integrada posibilita las actualizaciones remotas de software y las capacidades de ubicaci\u00f3n y seguimiento tanto para interiores como para exteriores le proporcionan un inmejorable nivel de visibilidad de sus recursos. Su compatibilidad con soluciones de troncalizaci\u00f3n y tecnolog\u00eda anal\u00f3gica existente le permite mantener a su organizaci\u00f3n conectada a medida que se expande.<\/p>\n<p><strong>Productividad<\/strong><br \/>\nLa mensajer\u00eda de texto y la administraci\u00f3n de \u00f3rdenes de trabajo simplifican las comunicaciones m\u00e1s complejas, y las capacidades de datos admiten aplicaciones avanzadas. Con amplificador de audio de alta potencia, estos radios ofrecen una voz fuerte y clara, con cancelaci\u00f3n de ruido de fondo que mejora la inteligibilidad. Los radios <strong>DGM5000e<\/strong>\u00a0son ideales como soluci\u00f3n de despacho, con micr\u00f3fonos de escritorio y un dise\u00f1o resistente y durable para uso diario.<\/p>\n<p><strong>Seguridad<\/strong><br \/>\nProteja a su personal con tecnolog\u00eda de respuesta PTT (Push To Talk). Los botones de acceso r\u00e1pido de los radios Motorola <strong>DGM5000e<\/strong>\u00a0permiten pedir ayuda con solo un toque y emplean Transmit Interrupt para despejar un canal en caso de ser necesario. Una gama de accesorios para conducci\u00f3n segura permite que sus trabajadores se comuniquen en modo manos libres, y la tecnolog\u00eda \u00abtexto a voz\u00bb ayuda a sus choferes a mantener su vista en el camino.<\/p>\n","protected":false},"excerpt":{"rendered":"<p>Vea las nuevas caracter\u00edsticas de estos radios de pr\u00f3xima generaci\u00f3n:<\/p>\n<p><strong>Especificaciones t\u00e9cnicas<\/strong><\/p>\n<ul>\n<li>Banda VHF : Frecuencia 136-174 MHZ.<\/li>\n<li>Banda UHF : Frecuencia 450-527 MHZ.<\/li>\n<li>Canales : 32<\/li>\n<li>Potencia : VHF 25 W (disponible tambien versi\u00f3n VHF 45W y UHF 40W)<\/li>\n<li>Esparciamiento : 12,5 \/ 25 khz.<\/li>\n<li>Grado protecci\u00f3n IP : IP54<\/li>\n<li>Medidas : 53,3 x 175,3 x 205,7 mm<\/li>\n<li>Peso : 1.8 kg.<\/li>\n<li>Garant\u00eda : 2 a\u00f1os<\/li>\n<li>Cumple normas militares (MIL-STD 810 C\/D\/E)<\/li>\n<\/ul>\n<p><strong>Incluye: cable de alimentacion, rack, microfono de palma y manual.<\/strong><\/p>\n","protected":false},"featured_media":115,"comment_status":"open","ping_status":"closed","template":"","meta":[],"product_brand":[],"product_cat":[27],"product_tag":[],"class_list":{"0":"post-116","1":"product","2":"type-product","3":"status-publish","4":"has-post-thumbnail","6":"product_cat-moviles","8":"first","9":"instock","10":"sale","11":"taxable","12":"shipping-taxable","13":"purchasable","14":"product-type-variable"},"_links":{"self":[{"href":"https:\/\/www.radiospro.cl\/tienda\/wp-json\/wp\/v2\/product\/116","targetHints":{"allow":["GET"]}}],"collection":[{"href":"https:\/\/www.radiospro.cl\/tienda\/wp-json\/wp\/v2\/product"}],"about":[{"href":"https:\/\/www.radiospro.cl\/tienda\/wp-json\/wp\/v2\/types\/product"}],"replies":[{"embeddable":true,"href":"https:\/\/www.radiospro.cl\/tienda\/wp-json\/wp\/v2\/comments?post=116"}],"wp:featuredmedia":[{"embeddable":true,"href":"https:\/\/www.radiospro.cl\/tienda\/wp-json\/wp\/v2\/media\/115"}],"wp:attachment":[{"href":"https:\/\/www.radiospro.cl\/tienda\/wp-json\/wp\/v2\/media?parent=116"}],"wp:term":[{"taxonomy":"product_brand","embeddable":true,"href":"https:\/\/www.radiospro.cl\/tienda\/wp-json\/wp\/v2\/product_brand?post=116"},{"taxonomy":"product_cat","embeddable":true,"href":"https:\/\/www.radiospro.cl\/tienda\/wp-json\/wp\/v2\/product_cat?post=116"},{"taxonomy":"product_tag","embeddable":true,"href":"https:\/\/www.radiospro.cl\/tienda\/wp-json\/wp\/v2\/product_tag?post=116"}],"curies":[{"name":"wp","href":"https:\/\/api.w.org\/{rel}","templated":true}]}}